common factor of 10 and 605.
5
Calculate the greatest common factor of 17171 and 22.
11
What is the highest common factor of 144 and 1392?
48
What is the greatest common divisor of 43 and 4171?
43
What is the greatest common factor of 3213 and 119?
119
What is the greatest common divisor of 3968 and 62?
62
Calculate the greatest common divisor of 22 and 11649.
11
Calculate the greatest common divisor of 13 and 208.
13
Calculate the highest common divisor of 970 and 10.
10
Calculate the greatest common divisor of 126 and 294.
42
What is the greatest common divisor of 621 and 297?
27
Calculate the greatest common divisor of 693 and 126.
63
Calculate the greatest common factor of 2497 and 22.
11
Calculate the highest common factor of 95 and 247.
19
Calculate the greatest common divisor of 1376 and 86.
86
Calculate the highest common divisor of 252 and 2100.
84
What is the greatest common divisor of 8103 and 222?
111
What is the highest common divisor of 6 and 207?
3
What is the highest common divisor of 82496 and 16?
16
Calculate the greatest common factor of 675 and 275.
25
Calculate the highest common factor of 48 and 9.
3
Calculate the greatest common divisor of 642 and 18.
6
What is the highest common factor of 472 and 40?
8
What is the highest common divisor of 85 and 45135?
85
Calculate the highest common factor of 85662 and 18.
18
Calculate the greatest common divisor of 68 and 36.
4
What is the highest common divisor of 129 and 43?
43
What is the greatest common factor of 20 and 610?
10
Calculate the highest common divisor of 350 and 245.
35
Calculate the highest common divisor of 184 and 168.
8
What is the highest common factor of 464 and 29?
29
What is the highest common divisor of 340 and 1445?
85
Calculate the greatest common factor of 688 and 16.
16
What is the highest common divisor of 549 and 72?
9
What is the greatest common factor of 400 and 160?
80
What is the highest common divisor of 210 and 490?
70
What is the highest common factor of 3807 and 81?
81
Calculate the highest common factor of 24 and 168.
24
Calculate the highest common divisor of 2142 and 28.
14
Calculate the greatest common factor of 7327 and 17.
17
What is the greatest common factor of 35 and 24500?
35
Calculate the greatest common factor of 11 and 29161.
11
What is the greatest common divisor of 494 and 152?
38
Calculate the highest common factor of 25 and 430.
5
What is the highest common factor of 3990 and 28?
14
Calculate the highest common factor of 1558 and 41.
41
Calculate the highest common factor of 171 and 57.
57
Calculate the highest common divisor of 17622 and 198.
198
What is the highest common divisor of 575 and 23?
23
What is the highest common divisor of 1488 and 96?
48
What is the highest common divisor of 66 and 627?
33
Calculate the greatest common divisor of 902 and 22.
22
What is the greatest common factor of 18 and 222?
6
What is the greatest common factor of 54 and 4914?
54
Calculate the highest common divisor of 315 and 567.
63
Calculate the greatest common divisor of 1615 and 51.
17
What is the greatest common divisor of 2106 and 1170?
234
What is the greatest common divisor of 19518 and 6?
6
What is the greatest common factor of 1692 and 24?
12
What is the highest common divisor of 168 and 24?
24
Calculate the highest common factor of 168 and 3738.
42
What is the greatest common factor of 2519 and 11?
11
Calculate the highest common factor of 12 and 9.
3
Calculate the highest common factor of 36 and 153.
9
Calculate the greatest common divisor of 265 and 212.
53
What is the greatest common divisor of 225 and 275?
25
Calculate the greatest common factor of 10 and 710.
10
What is the greatest common divisor of 266 and 133?
133
What is the highest common factor of 59283 and 18?
9
What is the highest common divisor of 6420 and 8?
4
What is the greatest common divisor of 10140 and 24?
12
What is the greatest common factor of 48 and 120?
24
Calculate the greatest common factor of 18209 and 131.
131
What is the highest common divisor of 201 and 1943?
67
Calculate the greatest common factor of 12 and 30.
6
Calculate the highest common divisor of 125 and 355.
5
What is the greatest common divisor of 25 and 40?
5
Calculate the highest common factor of 103 and 2369.
103
What is the highest common factor of 260 and 715?
65
What is the highest common factor of 4725 and 108?
27
What is the highest common divisor of 1701 and 7?
7
What is the greatest common factor of 27 and 216?
27
What is the highest common factor of 615 and 141?
3
What is the highest common factor of 60 and 48?
12
Calculate the highest common divisor of 9 and 144.
9
Calculate the greatest common divisor of 233 and 1.
1
Calculate the highest common divisor of 384 and 48.
48
What is the highest common factor of 1200 and 225?
75
Calculate the greatest common factor of 225 and 2000.
25
What is the greatest common divisor of 10 and 74?
2
Calculate the highest common factor of 12 and 150.
6
Calculate the highest common factor of 26 and 6.
2
What is the greatest common factor of 19 and 35093?
19
Calculate the highest common divisor of 60 and 3180.
60
What is the highest common factor of 270 and 120?
30
Calculate the highest common divisor of 3 and 16.
1
Calculate the greatest common divisor of 91 and 42.
7
What is the highest common factor of 71130 and 15?
15
What is the highest common factor of 19958 and 34?
34
Calculate the greatest common divisor of 7657 and 57.
19
What is the greatest common divisor of 2050 and 2378?
82
What is the highest common factor of 36 and 135?
9
What is the greatest common factor of 69 and 23?
23
Calculate the greatest common factor of 78 and 1131.
39
Calculate the highest common factor of 216 and 3564.
108
Calculate the greatest common divisor of 50 and 1850.
50
Calculate the greatest common divisor of 42 and 66.
6
Calculate the highest common divisor of 153 and 72.
9
Calculate the greatest common divisor of 88 and 66.
22
Calculate the greatest common factor of 153 and 1989.
153
Calculate the highest common divisor of 3234 and 66.
66
Calculate the greatest common divisor of 108 and 4.
4
What is the greatest common factor of 456 and 1995?
57
Calculate the highest common factor of 14 and 70.
14
Calculate the greatest common divisor of 145 and 27695.
145
What is the highest common divisor of 8 and 83192?
8
Calculate the greatest common divisor of 18 and 41166.
18
Calculate the highest common divisor of 165 and 60.
15
What is the greatest common factor of 728 and 14?
14
What is the highest common factor of 14 and 26?
2
What is the highest common factor of 320 and 3680?
160
Calculate the greatest common divisor of 24 and 492.
12
Calculate the greatest common divisor of 105 and 147.
21
What is the greatest common divisor of 931 and 19?
19
Calculate the highest common divisor of 574 and 56.
14
What is the greatest common factor of 70 and 434?
14
Calculate the highest common divisor of 210 and 450.
30
What is the highest common divisor of 100 and 25?
25
What is the greatest common factor of 96 and 12?
12
What is the greatest common divisor of 15 and 135?
15
Calculate the highest common factor of 1280 and 10.
10
Calculate the greatest common factor of 182 and 68.
2
What is the greatest common factor of 207 and 27?
9
What is the highest common divisor of 74 and 1850?
74
What is the greatest common factor of 205 and 41?
41
What is the greatest common factor of 475 and 19?
19
Calculate the highest common divisor of 256 and 384.
128
What is the highest common divisor of 8083 and 59?
59
What is the highest common factor of 1467 and 163?
163
What is the greatest common divisor of 949 and 13?
13
Calculate the greatest common factor of 4 and 54.
2
What is the greatest common divisor of 1177 and 11?
11
What is the highest common factor of 297 and 153?
9
What is the greatest common divisor of 2875 and 1125?
125
What is the greatest common factor of 224 and 96?
32
Calculate the greatest common divisor of 102 and 25041.
51
Calculate the greatest common factor of 248 and 3193.
31
Calculate the greatest common factor of 8 and 26.
2
Calculate the highest common factor of 96 and 186.
6
Calculate the highest common divisor of 26 and 6591.
13
Calculate the greatest common factor o